t i(o) = o**2 - 4*o - 120. Let h = -4850 + 4863. Calculate i(h).
-3
Let v(d) = d**2 - d + 1. Let x be 3/6 - (-87)/2. Let q be -2 - (-45 + 2/(-2)). Let j = q - x. Determine v(j).
1
Let j(o) = -21*o - 2. Let s = 4182 - 4183. Determine j(s).
19
Suppose 12*b + 5*m = 9*b + 324, 4*b - 446 = -2*m. Let x(f) = 2*f**2 - b*f + 37*f + f**3 + 37*f + 35*f - 5. Give x(-4).
-21
Let d be 1/(-22 - (20 - 41)). Let s(p) = 23*p**2 - 5*p - 5. Calculate s(d).
23
Let j = 559 - 554. Let q(h) = 4*h + 5*h + 166 - 2*h - j*h - 172. Give q(4).
2
Let c(g) = 11*g - 4*g**2 + g**3 - 3*g**2 - 21 + 3*g**2 + 13*g**2. Determine c(-7).
0
Let k(m) be the third derivative of -m**5/60 - m**4/3 + 13*m**3/6 - 1950*m**2. Let n(p) = p**2 + 7*p - 10. Let t be n(-7). What is k(t)?
-7
Let d = 15330 - 15335. Let g(r) = -8*r - 27. What is g(d)?
13
Suppose 3*j - 5*v - 4 - 22 = 0, j + 10 = -3*v. Suppose 5*n + 35 = 5*w, -4*w + 19 = -3*n + j*n. Let h(m) = 0 + 2*m**2 - 2 + m**2 + 4*m + 3. What is h(n)?
16
Let t(p) = -p. Let s = -115 - -91. Let b be -5*((-6)/15 - s/20). Give t(b).
4
Let y = 4 - 6. Let f(c) = 2*c**3 - 48*c**2 + 8*c + 2. Let a(j) = -3*j**3 + 84*j**2 - 14*j - 3. Let q(l) = -4*a(l) - 7*f(l). What is q(y)?
14
Let f(s) = s - 3. Suppose 4*g - 2*h - 36 = -5*h, g - 16 = h. Let i be (0*(-4)/g)/(-2) - -80. Let n = i - 83. What is f(n)?
-6
Let k = -5252 + 5251. Let r(q) = 13*q + 7. What is r(k)?
-6
Suppose l - 5*r - 18 = 0, -2*r - 9 + 1 = 0. Let a be (13 - (-5 - l))/(-1). Let f be a/16 + 0/(6/(-3)). Let o(i) = 11*i. Determine o(f).
-11
Suppose -a - 2 = -4. Suppose 5*z + 5*s = 50, 0*s = 4*z - a*s - 22. Let u(d) = -6*d**2 + 3*d - 2 - 15*d + 3*d + d**3. Determine u(z).
-16
Suppose 0 = -5*v - h - 4, 3*h + 312 = -v + 314. Let q(t) = -t**3 - 3*t**2 - 3*t - 2. Calculate q(v).
-1
Suppose -171*v + 49*v = 30*v - 1520. Let n(b) = -b + 12. Determine n(v).
2
Let q(l) = -4*l**3 + l**2 + 7*l - 5. Let r = 10775 + -10772. Determine q(r).
-83
Let m = -6571 - -6574. Let j(n) = -9*n - 4. Give j(m).
-31
Let f be ((3 - -30)/(-66))/(1/24). Let y(s) = 3*s**2 + 10*s - 4. Let k(p) = -p**2 + p. Let m(v) = -2*k(v) - y(v). Give m(f).
4
Let o(t) be the first derivative of 4*t**3/3 - 11*t**2/2 - 29*t + 14689. What is o(-3)?
40
Let k(h) = -22*h + 494 - 1007 + 494. Calculate k(5).
-129
Let g(w) = -52*w + 262. Let d be g(5). Let y(s) = 2*s - 1. Give y(d).
3
Let h(t) = -11*t**2 + 21*t + 27. Let c(u) = 5*u**2 - 11*u - 13. Let d(k) = 13*c(k) + 6*h(k). Let i be d(-7). Let b(q) = 14*q + i - 63. Calculate b(-1).
-14
Let w(u) = -27*u**3 + 8*u**2 - u + 13. Let o(s) = -114*s**3 + 34*s**2 - 6*s + 54. Let b(c) = -4*o(c) + 17*w(c). Give b(-1).
1
Suppose -15*c = 13 - 73. Let x(o) = -o + 8*o + 4*o**2 + c*o - 52 - 5*o**2 + 42. Determine x(9).
8
Let x(i) = -i**2 + 2*i + 12. Let j be ((-112)/(-364))/(-5 - 198/(-39)). What is x(j)?
4
Let w(i) = -i**3 + i + 1. Let p be w(-4). Let b = p - 58. Let q(r) be the second derivative of r**4/12 - r**3/3 + r. Calculate q(b).
3
Let c(p) = p. Let s(n) = 3*n + 3. Let o(b) = -2*b**3 + 7*b**2 + 3*b + 2. Let l be o(4). Let y(j) = l*c(j) + s(j). Calculate y(6).
9
Let c be ((-84)/(-108) + 1)/((-4)/(-18)). Let d(q) = 4*q - 1 - 8*q - q**3 - 6*q + 9*q**2. What is d(c)?
-17
Let j(f) = 5*f + 1. Let t(a) = -5*a**2 + 47*a - 15. Let n be t(14). Let m = 333 + n. What is j(m)?
-19
Let q(t) = t**3 + 2*t**2 - 2*t + 1. Let p = -8 - -10. Let u be (13 + 4 + -2)*p. Let n = 31 - u. Give q(n).
2
Let l(n) = -n**3 - 2*n**2 + 4*n - 10. Let a be (-14*(-29)/(-609))/((-2)/(-15)). Calculate l(a).
45
Let i = -368 - -375. Let w(h) = -4*h - 14. Calculate w(i).
-42
Let c(g) = 28*g - 4. Let t(f) = -82*f + 11. Let a(s) = 17*c(s) + 6*t(s). Let q(p) = -p**2 - 5*p + 1. Let x be q(-5). Give a(x).
-18
Let m(i) = 46*i**2 + 1 + 43*i**2 - 90*i**2 - 2*i. Let r = -14 - -22. Suppose -p - r = p. Determine m(p).
-7
Let p(w) = -8*w + 82. Suppose -69*x + 282 = -891. Give p(x).
-54
Let n(t) = 4*t**2 - 83*t + 226. Let h be n(3). Let s(j) = 2*j**3 - 25*j**2 - 15*j - 13. What is s(h)?
-39
Suppose -625 + 730 = -15*b. Let h(o) be the third derivative of -o**6/120 - 7*o**5/60 - o**4/24 + o**3/3 + 2*o**2. What is h(b)?
9
Let n(s) = -2*s - 14. Let z(c) = -98*c - 15. Let q be z(-1). Let a = q - 91. Give n(a).
2
Suppose -247 - 768 = 153*x + 515. Let k(s) = 4*s**2 + 48*s + 70. What is k(x)?
-10
Let z(t) = 10*t. Let c(y) = 10*y - 1. Let u(r) = -2*c(r) + 3*z(r). Let n = 741 - 743. Give u(n).
-18
Let h(v) = -3*v**2 - 3*v - 3. Suppose -4*p + 10 - 2 = 0. Suppose -p*z = 2*l - 4, 3*l + 1 = 2*l. Suppose -3*w = z*n, 5*w - 3*n + 18 = n. Give h(w).
-9
Let b(y) = -y**3 - 5*y**2 + y - 5. Suppose 0 = -2*n + t + 3, -4*n - 5*t + 13 = 0. Let w be (24/(-36))/(n/(-138)). Let o = 41 - w. What is b(o)?
-10
Let p(d) = 2*d**2 + 28*d + 40. Let n(m) = m**2 + 15*m + 22. Let u(c) = 5*n(c) - 3*p(c). What is u(-5)?
10
Let x = 1 - -12. Let o(z) be the first derivative of -z**2/2 + 22*z - 557. Determine o(x).
9
Let s be (-5)/((-2)/6*-3). Let g(c) = -2*c - 7. Let u be g(s). Let k(w) = -3 + 2 - 47*w**2 + w + 0*w + 49*w**2. Determine k(u).
20
Let w(x) = x**3 + 6*x**2 - 2. Let g be 3/(13 + -6 + -6). Let r be (g/(-6))/((-8)/(-48)). Determine w(r).
25
Let y(g) be the third derivative of -5*g**4/24 - 8*g**3/3 + 31*g**2. Let s be y(-21). Let i = 86 - s. Let w(l) = -3*l. Calculate w(i).
9
Let p(l) be the first derivative of l**3 + 5*l**2/2 - 9*l - 585. What is p(-5)?
41
Let c = 288 + -282. Let w(b) = b**2 - 18 + 4*b + 6 + 8 - c*b. Let l(r) = r**2 - 4*r + 4. Let z be l(4). What is w(z)?
4
Let n be 72/12*(2 + 2). Let z(u) = -2 + u**2 - n*u - 31*u + 44*u + 0*u**2. Give z(10).
-12
Let d(t) = -3*t**3 - 9*t**2 - 8*t + 17. Let i(l) = 16*l**3 + 45*l**2 + 41*l - 85. Let w(b) = 11*d(b) + 2*i(b). Suppose 27*f = -553757 + 553541. Give w(f).
1
Let z be -3 - 2 - 4/(-2). Let q be ((-8)/z)/((-2)/(-6)). Let x(s) be the first derivative of s**4/4 - 8*s**3/3 - 4*s - 7997. Give x(q).
-4
Let h(c) = -51*c + 156. Let i(o) = -105*o + 295. Let f(v) = 5*h(v) - 2*i(v). Calculate f(4).
10
Suppose p + 3*p = -32. Let c(m) = -38*m - 11. Let n(r) = -11*r - 4. Suppose 3*j = 4*l - 37, 6 = j + 9. Let v(u) = l*n(u) - 2*c(u). Give v(p).
2
Let z(k) be the first derivative of -1/2*k**4 - 296 + 5/2*k**2 + 4*k - 5/3*k**3. Give z(-3).
-2
Let a(t) = 7*t**2 - 3*t + 2. Suppose -4*y - 3*h = -1123, 0 = -y + h - 5*h + 284. Let r = -278 + y. Calculate a(r).
24
Let a be 5/((-50)/4*(-2)/10). Suppose 7 = a*w + 19. Let m(d) be the second derivative of d**4/12 + 5*d**3/6 - d**2 + 2*d - 5. Calculate m(w).
4
Let f(d) = -d**3 + 54*d**2 + 114*d - 110. Let a be f(56). Let c(w) = -13*w + 9. Determine c(a).
-17
Let i = -1311 + 1310. Let n(s) = -6*s**3 - s**2 - s. What is n(i)?
6
Let f be (-6 - -109)/(1 - 4/5). Let a(t) = -1022 + 515 + f - t. Calculate a(5).
3
Suppose 35 = x - 4. Suppose 5*z - 2*d + 121 = x, 3*z = 3*d - 42. Let n = 20 + z. Let i(r) = -8*r + 2. Determine i(n).
-14
Suppose -4*r + 0*r = 4, -38 = 3*v + 5*r. Let g(j) = 2*j**2 + 25*j + 30. What is g(v)?
-3
Let m(c) = 2*c**2 + 11260 + 0*c + 5*c - 11256. Let x(s) = -s**3 + 16*s**2 + 18*s - 20. Suppose -68 = -t - 3*t. Let p be x(t). Determine m(p).
7
Suppose 36*u + 101 = 425. Suppose 0 = -3*r - u, 2*r = -24*a + 20*a - 10. Let b(g) = 7*g**2 + 4*g + 3. Calculate b(a).
6
Let a(p) be the third derivative of -p**6/120 - p**5/2 - 5*p**4/2 - 39*p**3/2 + 73*p**2. Give a(-28).
-5
Let g = 2 - 3. Let i(j) be the second derivative of 22 + 30*j + 26*j - 53*j - j**3. Give i(g).
6
Suppose 3*r + 5 = 4*m, -3*r = 2*m - 3*m - 1. Let l(h) = -m + 5 + 4 + 2 + 2*h + 6. Give l(-10).
-5
Let r(o) = 13*o**2 + 32*o + 9. Let t(a) = -43*a**2 - 107*a - 29. Let i(s) = 7*r(s) + 2*t(s). Give i(-4).
45
Suppose 4*k + 0*k = -w + 388, -498 = -5*k + 2*w. Let z(i) = -51 - 47 + k + 3*i + i**2. Determine z(-4).
4
Let y(u) be the second derivative of -u**3/2 + u**2 + 2202*u. Determine y(2).
-4
Let z(g) = -399*g + 99*g + 94*g + 103*g + 99*g + 54. What is z(11)?
10
Let o = -2 - 2. Let f = 7 + o. Let p(a) be the third derivative of a**4/24 - a**3 + a**2 - 194. Determine p(f).
-3
Let w be ((-6)/(-4))/((-5)/(-10)). Let x(q) = -5 + 70*q + 2*q**w - 5*q**2 - q**3 - 69*q. Suppose 50 + 0 = 10*z. Give x(z).
0
Let u(s) = -s**3 + 12*s**2 + 14*s - 6. Suppose 322 = 5*p + 92. Suppose -85 = -3*r - p. Determine u(r).
7
Let r(u) = 2*u**3 - 27*u**2 + 10*u + 22. Let y be